(p).
-3
Let s(x) be the first derivative of -x**3/3 - 2*x**2 - x - 1. Suppose -22 = 4*a - 2*j, -5*j + 16 = -a - j. What is s(a)?
-1
Let t(j) = 3*j - 6. Let r = -6 - -8. Let q be (2/(-3))/(r/(-12)). Give t(q).
6
Let j(a) = -a**2 - 7*a + 3. Let p be ((-30)/(-35))/(5/(-35)). Give j(p).
9
Let s(g) be the first derivative of -g**6/72 + g**5/120 + g**3/3 + 3. Let o(l) be the third derivative of s(l). Determine o(-1).
-6
Suppose -2*x - 10 = 3*x. Let o(f) be the second derivative of f**5/20 + f**4/6 - f**3/3 - f**2/2 - 14*f. Give o(x).
3
Let b(f) = -9 + 3 + 2 + f. Determine b(-5).
-9
Let h(o) = -7*o**3 + 5*o**3 - o - 6*o**3 - 1. Calculate h(-1).
8
Suppose -4*m + 0*m = 0. Let k be -2*(-1)/(1/1). Let j(l) = -l + 1 + 5 - l**2 + 0*l**k + 2*l**2. What is j(m)?
6
Let w be (0 - 3) + (4/2 - 4). Let o(h) = h + 3. Give o(w).
-2
Let b be (-220)/18 + 2/9. Let d be (-1*1)/((-4)/b). Let o(t) = -t + 1. Calculate o(d).
4
Let g be 0 - ((-2 - 0) + 2). Let t(b) = b - 11. Let k(r) = r - 12. Let c(n) = -6*k(n) + 7*t(n). What is c(g)?
-5
Let o(y) be the second derivative of y**3/6 - y**2 + y. Let k be (-3)/(-9)*-3*6. Let a = k - -7. Calculate o(a).
-1
Let s(c) = 2*c**2 - 31*c + 39. Let x(o) = -3*o**2 + 46*o - 58. Let q(m) = -7*s(m) - 5*x(m). Let b be q(12). Let y(w) = -w**2 + 3*w + 2. Determine y(b).
-8
Let d be (-5 + 3)/((-2)/(-5)). Let k(p) = -p**2 - p. Let m(l) = 3*l**2 + 7*l - 4. Let b(g) = 2*k(g) + m(g). What is b(d)?
-4
Let v(h) = 5*h**2 - 3*h + 1. Let s(d) = d**3 - 15*d**2 - 15*d - 14. Let m be s(16). What is v(m)?
15
Let s be (8/10)/((-2)/(-15)). Let i(a) = a. Let t be i(5). Let y(d) = t*d + 0*d + s*d - 5*d. What is y(1)?
6
Let i(z) be the third derivative of -z**6/120 - z**5/60 + z**4/24 - 7*z**2. Determine i(-2).
2
Let y(b) = -1 - b**3 - 330*b + 329*b - 6. Give y(0).
-7
Let c(h) = h**2 - 5*h + 5. Suppose 2*o - 4*o = -5*t - 4, 2*t - 3*o + 6 = 0. Let g = 1 - 2. Let w be (-3)/g + t + 2. Calculate c(w).
5
Let y(c) be the second derivative of 0 - 3/2*c**2 - 1/12*c**4 - 1/6*c**3 - 2*c. Give y(0).
-3
Suppose -3*v = 2*v - 35. Suppose 2*f = 3 + v. Let l(z) = -1 - 2 + 1 - 5*z + z**2. Determine l(f).
-2
Let n(z) = 1 + 2 - 2*z**3 - 2*z**2 + z**3 + 0 - 2*z. Determine n(-3).
18
Suppose -3*g + b = 18, 12 = -5*g + b - 16. Suppose 0*j = -j + o - 1, j + o - 1 = 0. Let d(l) = -l - 7 + 1 + j. What is d(g)?
-1
Let h(s) be the first derivative of -s**4/4 - 5*s**3/3 - s**2/2 - 5*s + 3. Let n(u) = u**2 - 14*u + 8. Let k be n(13). Give h(k).
0
Let q(r) = -4*r**3 + r**2 + 5*r + 3. Let f(x) = -x**3 + x**2 + x + 1. Let a be (6/(-4))/(3/6). Let y(b) = a*f(b) + q(b). Give y(-2).
-4
Let n(w) = -w**3 + w**2 - 1. Let u be -9 + 6 - (0 + -1). Determine n(u).
11
Let w(p) = -3*p + 27. Let i be w(8). Let j(g) = g + 1. Let q(o) = 2*o + 6. Suppose -24 = -3*l + 3*s, 2*l + 11 = -l - 4*s. Let n(x) = l*j(x) - q(x). Give n(i).
0
Let j(q) be the first derivative of -q**5/60 - q**4/24 + 7*q**3/6 + 3*q**2/2 - 1. Let t(v) be the second derivative of j(v). What is t(0)?
7
Let s(q) = q**3 - 6. Let t = -7 + 3. Let l = t - -4. Determine s(l).
-6
Suppose -3*k + 7 = -4*b + 2*b, 33 = 2*b + 5*k. Let s(y) = -y**3 + 4*y**2 + 2*y + 5. Determine s(b).
13
Let h(u) = -10*u + 3. Let p(w) = -29*w + 8. Let k(m) = -11*h(m) + 4*p(m). Let s be -1 + 0 + -10 + 10. Give k(s).
5
Let c(d) be the third derivative of 1/24*d**4 + 0*d + 1/60*d**5 + 0 + 1/6*d**3 + 1/24*d**6 + d**2. Give c(-1).
-4
Let c = -6 - 0. Let l(q) = -q + 3. Calculate l(c).
9
Let a(k) = 3*k + 2. Suppose -8 = -6*j + 10*j. Calculate a(j).
-4
Let x(y) = -y**3 + 5*y**2 + 7*y - 8. Let a be -2 + 24/(-9)*-3. What is x(a)?
-2
Let l be (-8)/6*(-2 + -1). Let x(v) = v + 11. Let t(o) = -3*o - 32. Suppose 0 = 6*d + d - 77. Let y(p) = d*x(p) + l*t(p). What is y(-4)?
-3
Suppose 3*a = -4*v - 2, 0 = -a - v - 1 - 1. Let p be (a/(-15))/((-1)/10). Let r(h) = h - 2. What is r(p)?
-6
Let j(t) = 14*t**3 - 6*t**2 + 5*t - 20. Let r(m) = -5*m**3 + 2*m**2 - 2*m + 7. Let d(b) = -6*j(b) - 17*r(b). Determine d(-3).
-20
Let q(o) = -o - 6. Let f be 30*4*3/36. Suppose -i + f = i. Give q(i).
-11
Suppose -8 = -2*h + 5*b, 4*h - 3*b - 1 = 1. Let k(m) = 12*m + 4. Let n(y) = 7*y - y + 17*y + 7. Let c(j) = 5*k(j) - 3*n(j). Calculate c(h).
8
Let s be (-135)/(-30)*4/6. Let z(k) = k**3 - 4*k**2 + 4*k - 2. Determine z(s).
1
Let b(c) = -6*c + 7. Let w(a) = -7*a + 8. Let m(o) = 5*b(o) - 4*w(o). Determine m(-3).
9
Let n(b) = -b - 5. Let m be 1/(-4) + 15/60. Determine n(m).
-5
Let q(w) = -2*w - 7. Let y = -16 + 10. Let k be q(y). Let c(h) = -1 + 4 - k + 3*h. Calculate c(3).
7
Let k(v) = -3*v**2 + v - 2. Let q(t) = 3*t + 1. Let u be q(-1). Let r(g) = -g**2. Let c(p) = u*r(p) + k(p). Let h(l) = 2*l + 11. Let j be h(-4). Give c(j).
-8
Let n(p) be the second derivative of -3*p**4/4 + p**3/3 + p**2/2 - 6*p. Give n(-1).
-10
Let d(x) = 4*x - 12 - 4*x - x. Let b = 1 + -1. Calculate d(b).
-12
Let s be (-19)/(-4) + 2/8. Suppose -5*v - 2*q - 15 = 0, 25 = -0*v - s*v - 4*q. Let r(k) = 7*k**3 - 2*k - 1. Calculate r(v).
-6
Let k be 2/9 - (-75)/27. Suppose -2 + k = r. Let h(q) = 2*q - q - 3*q + 1 + 6*q**2. Give h(r).
5
Let y be -3 - (-2 - 2) - 2. Let s(z) = -12*z**3 + z**2 + z. Calculate s(y).
12
Let w = -11 + 17. Let j = 10 + -7. Let m(v) = -2*v**3 + 3*v**j - 4 - 6*v**2 - 3. Calculate m(w).
-7
Let v(l) be the first derivative of -l**3/3 + 3*l**2 - 11. What is v(7)?
-7
Let v(a) = -3*a**2 + 4*a**2 - 3 - 2*a**2. Suppose -c = -3*n - 9, 3*n + 9 = -0*c + 3*c. Let b = c - 0. Give v(b).
-3
Let w(z) = 4 + 3*z + 2*z**2 + 4*z - 5*z - z**3. Let n(d) = d**3 - 4*d**2 - 5*d + 3. Let h be n(5). Let f be h - 0*2/(-4). Calculate w(f).
1
Let p(m) = -m**3 - 3*m**2 + 3*m + 6. Suppose 5*l - 22 = -2, -4*n - 2*l + 160 = 0. Let x = -2 - n. Let v be (-12)/10*x/(-12). Give p(v).
10
Let x(j) be the first derivative of 6*j - 1/2*j**2 + 3. What is x(6)?
0
Let p(t) = t**2 - 5*t - 7. Let o be p(7). Let n = o - 2. Let z be (-4)/n*25/(-10). Let f(r) = -3*r + 1. What is f(z)?
-5
Suppose -3*q = -p + 7 - 0, -2*p - 26 = 2*q. Let n be ((-2)/(-6))/(p/(-48)). Let k(t) = t**3 - t. Give k(n).
6
Let b(s) = 4*s**2 + 4*s + 1. Let u(m) = -3*m**2 - 3*m. Let t(y) = 2*b(y) + 3*u(y). Give t(-2).
0
Let a(q) = 3*q**2 + 2*q - 1. Let p = 16 - 15. Calculate a(p).
4
Let l(t) be the second derivative of 2*t**3/3 + 32*t. Determine l(1).
4
Let t(m) = m - 9. Let k = -2 + 8. Suppose 4*l - 12 = -4*c - 0, 2*l = 2*c - k. Calculate t(l).
-9
Let k(r) = -2*r**2 - 3*r + 2. Let n(l) = 2*l + 6. Let z be n(-6). Let x(h) = -h**3 + 5*h**2 - 2*h - 5. Let y be x(4). Let s = z + y. What is k(s)?
-7
Let u be 4/(-5)*(-35)/14. Let x(v) = -v**u + 0*v + 4*v - v + 0*v. Let q = -6 + 8. Give x(q).
2
Suppose 0 = 5*f - 2 + 42. Let t(j) = 5*j**2 - 3*j - 5. Let q(k) = 3*k**2 - 2*k - 3. Let h(v) = f*q(v) + 5*t(v). Let d be -2 + (-4)/(-1*2). Determine h(d).
-1
Let a = 3 + 3. Let j be (-27)/a - (-1)/(-2). Let x(i) be the second derivative of i**4/12 + i**3 - 2*i**2 - 498*i. Determine x(j).
-9
Let b(d) = d. Let f(j) = -7 + 0 + 6. Let x(k) = 2*b(k) - f(k). What is x(-5)?
-9
Let n(j) = 11*j**3 + 4*j**2 + 8*j + 15. Let k(c) = 7*c**3 + 3*c**2 + 5*c + 10. Let b(y) = -8*k(y) + 5*n(y). Determine b(-5).
20
Let r(l) be the second derivative of 0*l**3 + 2*l + 0 + 1/12*l**4 + 0*l**2 + 1/720*l**6 + 1/60*l**5. Let j(t) be the third derivative of r(t). Determine j(4).
6
Let r(z) be the first derivative of -4 - 1/2*z**2 + 14*z. Let w be r(12). Let j(n) = n**3 - n**2 - 3*n + 1. Determine j(w).
-1
Let k(s) = -s**3 - s + 1. Let j(y) = 4*y**3 + y**2 + 5*y - 3. Let a(q) = -2*j(q) - 9*k(q). Let b(o) = -o**2 - 4*o. Let z be b(-3). Give a(z).
3
Let o(k) = -5*k - 3. Let g(s) = -4*s - 2. Let a(r) = 4*g(r) - 3*o(r). Let j be -3 - ((-4)/2 + -1). Let v = j - -7. Calculate a(v).
-6
Suppose -7*a + 4*a + 3 = 0. Let j(w) be the first derivative of -1/2*w**2 + 5/3*w**3 + w - 1. Calculate j(a).
5
Let u = 69/28 + 1/28. Let r(h) be the first derivative of -2 + u*h**2 - h. Determine r(2).
9
Let c(k) = -7*k + 1. Let x = -3 + 4. Determine c(x).
-6
Let f(c) = -c**2 - 4*c + 10. Let u be f(-7). Let s = u + 6. Let z(w) = -w - 5. What is z(s)?
0
Let w(d) = -5*d + 5. Let h(c) = c - 1. Let j(i) = -4*h(i) - w(i). What is j(2)?
1
Let l(a) = -4*a**2 + 3*a - 13*a**2 + 18*a**2 - 2. Suppose -2 + 14 = -4*j. Determine l(j).
-2
Let v(h) be the first derivative of -2*h**